uppose 3*s + 3276 = 5*z, 4*s + 3273 = q*z + 3*z. What is the tens digit of z?
5
Let p(d) = -d**3 + 21*d**2 - 18*d - 36. Let m be p(20). What is the tens digit of (14/3 - m)*2526/4?
2
Let m(z) = z**3 - 147*z**2 + 435*z + 1222. What is the tens digit of m(145)?
4
Suppose x + 5*s + 170 = 8935, 3*s = -x + 8751. What is the hundreds digit of x?
7
Let s(c) = -8*c**2 + 7*c**2 - 19*c - 14 + 5*c. What is the units digit of s(-10)?
6
Suppose 8 = -5*g - 7. Suppose 3*j + m = -2*j + 42, 2*m = -2*j + 12. What is the units digit of (-3)/j - (272/(-6) - g)?
2
What is the tens digit of 7763*(-2)/(-7)*(-54)/(-27)?
3
Let w(d) = -61*d - 1. Let r = -83 - -80. What is the hundreds digit of w(r)?
1
Let h be 18/(-4)*(28 + -2). Let p = 3 - h. Suppose -3*x - 4*o - 31 = -155, -3*x = 3*o - p. What is the units digit of x?
6
Let o(t) = 43*t - 117. Let b be o(16). Suppose 37*q - 38*q = -b. What is the units digit of q?
1
Suppose -2*v - f = -405, -3*v - f + 606 = -0*v. Suppose -v*h + 1899 = -192*h. What is the tens digit of h?
1
Let s(o) be the third derivative of 0 + 1/60*o**5 - 1/2*o**4 + o**2 + 0*o + 3/2*o**3. What is the units digit of s(12)?
9
Let z(d) = -13*d**3 + 3*d**2 - 7*d + 10. Suppose 10*y + 3*p = 8*y - 14, -4*y = 2*p + 20. What is the units digit of z(y)?
8
Suppose -o + 48*y = 49*y + 7, -4*y = -o + 3. Suppose -4*g - 3*s + 820 = -0*g, -2*g = -2*s - 410. What is the tens digit of (1 - g)*o*6/60?
0
Suppose -3*z + 13 - 37 = 0. Let b(o) = -o**3 - 4*o**2 - 8*o + 14. What is the hundreds digit of b(z)?
3
Let i(k) = -42*k - 51. Suppose -61*u + 57*u = 76. What is the units digit of i(u)?
7
Let f = -169 - -273. Suppose -3*k = 5*x - 887, -k + 2*x - f = -407. What is the hundreds digit of k?
2
Let j be -2 + -1 - (-5 - (-1 + -2)). What is the units digit of 25/3*(-5)/j*6?
0
Let n = -13725 + 19695. What is the hundreds digit of n?
9
Let b = 726 + -728. What is the units digit of (-32)/20 - b - (-12159)/15?
1
Suppose -68*y - 41790 = -74*y. What is the tens digit of y?
6
Suppose -25 + 17 = 4*o. What is the units digit of 72/(-162) - (5930/(-18) + o)?
1
Suppose -5*d + 5*m - 130 = 0, 5*d - m = -0*m - 138. Let t = d - -29. What is the tens digit of 58 + 4 + (t - 3)?
6
Suppose 123 = 9*k + 60. Let q(m) = 7*m**2 - 1. What is the tens digit of q(k)?
4
Suppose -4*v = 13*n - 8*n - 6958, 6 = 3*n. What is the thousands digit of v?
1
Let t(p) = 5*p**2 + 102*p - 5. What is the units digit of t(-25)?
0
Let t(p) be the third derivative of -p**6/120 + p**5/60 - p**4/24 + 235*p**3/3 + 10*p**2. Let a be t(0). Suppose 0 = 3*h + 2*h - a. What is the tens digit of h?
9
Suppose -2*q + 2 = 0, 149*z + 3*q - 413943 = 144*z. What is the ten thousands digit of z?
8
Let x(m) = 74*m - 78. Let k(d) = 12*d - 13. Let s(l) = 34*k(l) - 6*x(l). Suppose 5*a - 6*a = 4. What is the tens digit of s(a)?
7
Let j be (-2)/3*(-11 + 6 + 2). Suppose -2*o - 4*c + 232 = -4, -4*o = j*c - 442. What is the units digit of o?
8
Suppose -1123299 - 2829299 = -234*c + 1789762. What is the tens digit of c?
4
Suppose -2*g = -2*m - 14, 0 = 4*g + m - 3*m - 18. What is the units digit of 5602/8*g + 115/(-46)?
8
Let o(i) = 45*i**2 - 3*i - 3. Let q be o(-3). Suppose -50*p + 49*p = -q. What is the hundreds digit of p?
4
Let b be (4/28)/(4/28). Let r be (32/b)/(4/(-2190)*-3). Suppose -7*z + 27*z = r. What is the hundreds digit of z?
2
What is the tens digit of 4692 + 12 + -25 + 11?
9
Suppose -2680 = -8*f + 5008. Suppose 3*m - f = -4*u, -u + 1276 = 4*m + 3*u. What is the tens digit of m?
1
Let b(o) = -1365*o + 300. What is the thousands digit of b(-6)?
8
Let n(t) = 2*t**3 - t**2 + 3*t + 268. Let q be n(0). Let f = q + -126. What is the units digit of f?
2
Let i = 3 - -11. Let h = 189 - 153. Suppose -h - i = -g. What is the tens digit of g?
5
Suppose -14*s = 15*s - 221328. What is the units digit of s?
2
Suppose 6*m = -k + 2*m - 10, -3*k - 2*m = 0. Let y be 4 - 6*(-1)/k. Suppose -2*o = -3*o + y. What is the units digit of o?
7
Let q = -475 + 471. Suppose z + 17 = 3*z + i, -3*z + 3*i = -12. What is the tens digit of z + q + -6 - -39?
3
Let r = 10022 + 54375. What is the units digit of r?
7
Let a(g) = -243*g. Let z be a(1). Let q = 10 + -13. What is the tens digit of z/q - (-1 - -5)?
7
Let b = -918 + 922. Suppose b*n - 5198 - 1878 = 0. What is the units digit of n?
9
What is the hundreds digit of 3 + (1 - -4) + (-7)/((-21)/147891)?
3
Let x(j) = j + 1. Let v(p) = 39*p + 145. Let w(i) = -v(i) + 6*x(i). What is the units digit of w(-21)?
4
What is the thousands digit of (1 - 0)*(3 + (-8 - -4))*-9957?
9
Let b = 529 - 526. Suppose -12 = b*p, 5*p = 2*j + 406 - 2056. What is the hundreds digit of j?
8
Let z be ((-17)/(-7) - 2)/(2/14). What is the units digit of 980/15 - 4/z?
4
Suppose 9*s - 4*s - 5*g = 20, -19 = -3*s - 4*g. Suppose -5*f - 198 = s*u - 2*u, -3*f = -u - 66. Let t = -38 - u. What is the tens digit of t?
2
Suppose 5*j - 165 = -5*y - 0*j, 4*j - 48 = -y. Suppose -y*m = -25*m - 663. Let k = -60 + m. What is the hundreds digit of k?
1
Let c(x) = 15*x**2 - 9. Let d be c(-4). What is the hundreds digit of (d/(-66))/((-2)/132)?
2
Let b(s) = 6*s + 64. Suppose 0 = -0*k - 2*k + 3*l - 22, 3*k = -2*l - 20. What is the units digit of b(k)?
6
Suppose 0 = -5*z + 2*z - 300. Let s be z/30*6/(-4). Suppose 320 = s*y - 5*b, -3*y = -b - 4*b - 198. What is the units digit of y?
1
Suppose l - 8 = 8. Suppose l*q - 17*q + 42 = 0. What is the units digit of q?
2
Suppose -14788*p - 99553 + 535 = -14806*p. What is the units digit of p?
1
Suppose -18 = -g - 11. Suppose -5*u = 2*c - 9, 0*c = -2*c - 3*u + g. Suppose 5 = -c*o + 4*m - 3, 2*m + 14 = 4*o. What is the units digit of o?
6
Let a = 330 + -327. Suppose 0 = 2*n - a*r - 480, 0 = -4*n + r - 536 + 1486. What is the units digit of n?
7
Let l(t) = -t**3 + 5*t**2 - 4*t + 2. Let s be l(3). Suppose s*v = -15 + 103. Let x(b) = b**2 - 5*b - 10. What is the tens digit of x(v)?
5
Let i = 891 + -531. Let w = 4 + i. Suppose -4*o - 36 + w = 0. What is the tens digit of o?
8
Let d(m) = 3153*m**2 - 493*m - 2533. What is the thousands digit of d(-5)?
8
Suppose 0 = -2*v + n + 81284, n - 20863 = -v + 19773. What is the units digit of v?
0
Let h(t) = t**3 - 67*t**2 - 5*t - 248. What is the hundreds digit of h(73)?
3
Suppose -16160 = -4*j - 2*g, 14414 + 1704 = 4*j - 5*g. What is the tens digit of j?
3
Let t(y) = y**3 + 26*y**2 - 846*y - 70. What is the hundreds digit of t(-42)?
2
Let x = -571 + 578. Let u(q) = 8*q**2 - 16*q - 12. What is the units digit of u(x)?
8
Let a(s) = -3*s**3 + 18*s**2 - 12*s - 19. Let w(j) = -j**3 + 2*j - 1. Let m(f) = -a(f) + 2*w(f). What is the tens digit of m(18)?
0
Let h(g) = 162*g**2 + 14*g + 24. Let f be h(-8). Suppose -15577 - f = -39*q. What is the hundreds digit of q?
6
What is the hundreds digit of 24/(-252) - ((-8156302)/147)/11?
0
Let y = -68 + 72. Suppose -y*d - 88 = -100. Suppose -2*z - 202 = -d*z. What is the units digit of z?
2
Let m be ((-9)/((-45)/10) + -2)*1. What is the tens digit of -1 + 251 - (m + 0 + 2)?
4
Suppose -g = -5*v - 370, -2*v = v + 2*g + 209. Let w be (1 + 2 + -1)/((-1)/(-99)). Let u = v + w. What is the tens digit of u?
2
Suppose 3*b + 16669 = 2*l + 1686, 0 = 5*l - 5*b - 37455. What is the thousands digit of l?
7
Let y(c) = -284*c - 22. Suppose 23*h + 29 = -17. What is the units digit of y(h)?
6
Let h(g) = -4*g + 13 + 7 + 4*g - g. Let q be h(4). What is the hundreds digit of (174/4)/(20/q - 1)?
1
Let h(r) be the second derivative of r**5/5 + r**4/4 + 7*r**3/6 + 29*r**2/2 - 4*r - 18. What is the units digit of h(5)?
9
Let a = 94 - 94. Suppose a = 3*s + c - 349, -s + 0*s + 4*c + 138 = 0. What is the tens digit of s?
1
Let t be (-5)/((-10)/118) - (-6)/2. Let i = t + 839. What is the units digit of i?
1
Let y(r) = r**2 + 8*r + 3. Let s be y(-6). Let d(q) = -q**2 - 9*q + 3. Let i be d(s). Suppose -118 = -4*f - z, i*f - 54 = f + 2*z. What is the units digit of f?
9
Let m = 316 - 310. What is the tens digit of m/((-1)/52*-12)?
2
Let a = -43167 + 117820. What is the ten thousands digit of a?
7
Let u(y) = 31*y + 19. Let b be ((-3)/(-15))/((-1)/22)*-5. What is the tens digit of u(b)?
0
Let a(j) = 31350*j**2 - 13*j + 13. What is the units digit of a(1)?
0
Let l = 2387 - -6650. What is the hundreds digit of l?
0
Suppose -969 = 3*m - 2*l - 12667, 3*m - 11690 = 4*l. What is the tens di